4
What is the tens digit of 151733?
3
What is the units digit of 246138?
8
What is the ten thousands digit of 162873?
6
What is the hundreds digit of 284207?
2
What is the thousands digit of 4224967?
4
What is the millions digit of 12986099?
2
What is the millions digit of 2132435?
2
What is the units digit of 2229709?
9
What is the hundred thousands digit of 275880?
2
What is the tens digit of 3812656?
5
What is the units digit of 104071?
1
What is the tens digit of 513119?
1
What is the hundreds digit of 49992?
9
What is the tens digit of 930545?
4
What is the units digit of 17122341?
1
What is the ten thousands digit of 4406873?
0
What is the ten thousands digit of 250382?
5
What is the thousands digit of 1122373?
2
What is the hundred thousands digit of 2664806?
6
What is the ten thousands digit of 4870329?
7
What is the hundred thousands digit of 772335?
7
What is the ten thousands digit of 9622377?
2
What is the hundred thousands digit of 10158773?
1
What is the units digit of 806151?
1
What is the tens digit of 10868379?
7
What is the tens digit of 567313?
1
What is the thousands digit of 449824?
9
What is the units digit of 2401885?
5
What is the millions digit of 1044098?
1
What is the units digit of 942039?
9
What is the thousands digit of 2213790?
3
What is the tens digit of 998308?
0
What is the units digit of 4420282?
2
What is the tens digit of 156975?
7
What is the millions digit of 9623936?
9
What is the hundreds digit of 741766?
7
What is the millions digit of 1220547?
1
What is the hundred thousands digit of 1018259?
0
What is the thousands digit of 247929?
7
What is the ten thousands digit of 669541?
6
What is the hundreds digit of 274569?
5
What is the units digit of 12747385?
5
What is the hundreds digit of 764155?
1
What is the ten thousands digit of 23304875?
0
What is the hundreds digit of 245252?
2
What is the ten millions digit of 24317014?
2
What is the ten thousands digit of 7726812?
2
What is the millions digit of 15448110?
5
What is the hundreds digit of 25898775?
7
What is the hundreds digit of 576359?
3
What is the tens digit of 1032650?
5
What is the hundred thousands digit of 1830588?
8
What is the tens digit of 2262191?
9
What is the hundreds digit of 17602373?
3
What is the hundred thousands digit of 861248?
8
What is the ten thousands digit of 6972411?
7
What is the units digit of 5394?
4
What is the thousands digit of 1539061?
9
What is the hundreds digit of 1065146?
1
What is the units digit of 527098?
8
What is the tens digit of 574480?
8
What is the tens digit of 76783?
8
What is the hundreds digit of 505006?
0
What is the thousands digit of 18218070?
8
What is the units digit of 250305?
5
What is the hundreds digit of 2024150?
1
What is the units digit of 552344?
4
What is the tens digit of 894964?
6
What is the hundreds digit of 7184345?
3
What is the hundreds digit of 1033884?
8
What is the ten thousands digit of 858635?
5
What is the ten thousands digit of 894700?
9
What is the tens digit of 235398?
9
What is the tens digit of 218104?
0
What is the thousands digit of 1139797?
9
What is the tens digit of 57985?
8
What is the ten millions digit of 14101089?
1
What is the hundred thousands digit of 4229025?
2
What is the tens digit of 2041594?
9
What is the thousands digit of 2772267?
2
What is the millions digit of 2570304?
2
What is the ten thousands digit of 6575335?
7
What is the units digit of 1052103?
3
What is the units digit of 16835?
5
What is the ten thousands digit of 533997?
3
What is the units digit of 16927486?
6
What is the tens digit of 555262?
6
What is the thousands digit of 1651499?
1
What is the thousands digit of 249640?
9
What is the hundred thousands digit of 225472?
2
What is the units digit of 282573?
3
What is the ten thousands digit of 773392?
7
What is the units digit of 414452?
2
What is the millions digit of 1340078?
1
What is the hundred thousands digit of 1980990?
9
What is the units digit of 4917556?
6
What is the ten thousands digit of 111697?
1
What is the units digit of 265972?
2
What is the ten millions digit of 17069156?
1
What is the hundred thousands digit of 310606?
3
What is the thousands digit of 12137096?
7
What is the hundred thousands digit of 2185173?
1
What is the units digit of 3129658?
8
What is the thousands digit of 1761011?
1
What is the hundreds digit of 220743?
7
What is the hundred thousands digit of 136944?
1
What is the millions digit of 6806101?
6
What is the units digit of 1602474?
4
What is the millions digit of 11511387?
1
What is the millions digit of 1423953?
1
What is the hundred thousands digit of 2830679?
8
What is the hundred thousands digit of 151412?
1
What is the hundreds digit of 302523?
5
What is the units digit of 286820?
0
What is the thousands digit of 258230?
8
What is the millions digit of 19808668?
9
What is the tens digit of 1650326?
2
What is the thousands digit of 539469?
9
What is the thousands digit of 7793989?
3
What is the thousands digit of 3648831?
8
What is the ten thousands digit of 3282360?
8
What is the units digit of 9016981?
1
What is the millions digit of 4345930?
4
What is the hundred thousands digit of 150594?
1
What is the thousands digit of 713376?
3
What is the tens digit of 27709?
0
What is the hundred thousands digit of 4094600?
0
What is the hundred thousands digit of 9470280?
4
What is the hundreds digit of 269366?
3
What is the ten thousands digit of 829760?
2
What is the thousands digit of 20380527?
0
What is the ten thousands digit of 3393485?
9
What is the millions digit of 2193815?
2
What is the units digit of 9613455?
5
What is the thousands digit of 616514?
6
What is the hundred thousands digit of 277501?
2
What is the thousands digit of 13125256?
5
What is the units digit of 2884900?
0
What is the hundreds digit of 30004?
0
What is the ten thousands digit of 302445?
0
What is the thousands digit of 108919?
8
What is the tens digit of 57882?
8
What is the tens digit of 1542951?
5
What is the hundred thousands digit of 9592180?
5
What is the hundreds digit of 5124613?
6
What is the hundred thousands digit of 10619602?
6
What is the thousands digit of 3347742?
7
What is the ten thousands digit of 3783114?
8
What is the ten thousands digit of 914538?
1
What is the tens digit of 446281?
8
What is the hundreds digit of 82432?
4
What is the units digit of 7484266?
6
What is the hundred thousands digit of 400433?
4
What is the units digit of 2478367?
7
What is the hundreds digit of 21569552?
5
What is the hundreds digit of 3334834?
8
What is the ten thousands digit of 4061738?
6
What is the hundred thousands digit of 6616034?
6
What is the millions digit of 2640145?
2
What is the units digit of 198101?
1
What is the units digit of 425850?
0
What is the tens digit of 35830410?
1
What is the ten millions digit of 32167855?
3
What is the hundreds digit of 14209144?
1
What is the ten millions digit of 38599355?
3
What is the ten thousands digit of 20109?
2
What is the thousands digit of 1162031?
2
What is the hundreds digit of 1269411?
4
What is the thousands digit of 99701?
9
What is the hundreds digit of 5223913?
9
What is the hundreds digit of 60959?
9
What is the hundreds digit of 287082?
0
What is the thousands digit of 10066954?
6
What is the thousands digit of 84491?
4
What is the hundred thousands digit of 422383?
4
What is the thousands digit of 6690896?
0
What is the hundreds digit of 24127527?
5
What is the ten thousands digit of 8361450?
6
What is the hundreds digit of 11942300?
3
What is the tens digit of 390592?
9
What is the hundreds digit of 224321?
3
What is the ten thousands digit of 2310982?
1
What is the ten thousands digit of 3767000?
6
What is the units digit of 230529?
9
What is the hundreds digit of 1527031?
0
What is the thousands digit of 294095?
4
What is the units digit of 1471433?
3
What is the ten thousands digit of 822037?
2
What is the tens digit of 3003069?
6
What is the ten millions digit of 28451033?
2
What is the tens digit of 467755?
5
What is the thousands digit of 776455?
6
What is the thousands digit of 168794?
8
What is the ten thousands digit of 202088?
0
What is the millions digit of 3571582?
3
What is the hundred thousands digit of 363298?
3
What is the te